{"id":107,"date":"2013-07-26T13:21:40","date_gmt":"2013-07-26T11:21:40","guid":{"rendered":"http:\/\/www.kiburg.de\/?page_id=107"},"modified":"2014-02-28T11:05:33","modified_gmt":"2014-02-28T09:05:33","slug":"tiergehege","status":"publish","type":"page","link":"http:\/\/www.kiburg.de\/?page_id=107","title":{"rendered":"Tiergehege"},"content":{"rendered":"<p><strong>Wildgehege am Sonneberg<\/strong><br \/>\n<strong>Dammwild<\/strong><br \/>\nDie urspr\u00fcngliche Heimat des Damwildes sind die \u00f6stlichen Mittelmeerl\u00e4nder. Von dort wurde es bereits zur R\u00f6merzeit \u00fcber Mitteleuropa verbreitet und h\u00e4ufig in Gehegen gehalten. Die K\u00f6rperst\u00e4rke des Damwildes liegt zwischen den Gewichten des Rot-und Rehwildes. Das Durchschnittsgewicht aufgebrochen betr\u00e4gt 30-35 Kilogramm. Sein nat\u00fcrlicher Lebensraum ist Mischwald in klimatisch-milden Gebieten. Au\u00dferdem besitzt Damwild eine geringe Anf\u00e4lligkeit gegen Wildkrankheiten. Die Paarungszeit (Brunft) des Damwildes beginnt Mitte Oktober und liegt damit etwa 4 Wochen nach der des bei uns ans\u00e4ssigen Rotwildes. Die anschlie\u00dfende Tragzeit betr\u00e4gt 7,5 Monate und die Setzzeit f\u00e4llt meist in den Juni.<br \/>\n<strong>Bennett-K\u00e4ngurus<\/strong><br \/>\nDer Lebensraum von Bennett-K\u00e4ngurus ist Australien, wo sie \u00fcber den ganzen Kontinent verbreitet sind von Nord bis S\u00fcd. Bennetts sind sehr gro\u00dfen Temperaturschwankungen ausgesetzt, zwischen-15 Grad in der Nacht und bis zu 40 Grad am Tag. Dies beweist ihre Robustheit und deshalb werden sie auch schnell bei uns heimisch. Das junge K\u00e4nguru wiegt bei der Geburt nur ca.2 Gramm. Es entwickelt sich au\u00dferhalb des Mutterleibes im Beutel des Muttertieres bis es etwa ein halbes Jahr alt ist. Dann ist es zu gro\u00df f\u00fcr den Beutel und man spricht davon, da\u00df es \u201eentw\u00f6hnt\u201c wird. Nun kann es sich das n\u00e4chste Junge im Beutel h\u00e4uslich machen, was sich dann j\u00e4hrlich wiederholt. Ist das K\u00e4nguru erwachsen, betr\u00e4gt ihr Gewicht zwischen 8 bis 10 kg. Das Alter der Tiere liegt bei durchschnittlich 15 Jahre. Zu besichtigen gibt es noch Jagdfasanen, Springsittiche, Glanzsittige, Diamant- T\u00e4ubchen sowie 2 m\u00e4nnliche Pfauen.<br \/>\nF\u00fcr Kinder ist ein kleiner Spielplatz da. (Wippe, Karussell, Schaukel)<\/p>\n<p><strong>Tierpark Waschleithe<\/strong> (14 km)<br \/>\n<a title=\"www.tierpark-waschleithe.de\" href=\"http:\/\/www.tierpark-waschleithe.de\" target=\"_blank\">www.tierpark-waschleithe.de<\/a><br \/>\nGe\u00f6ffnet t\u00e4glich ab 9.00 Uhr<br \/>\nin 08344 Gr\u00fcnhain-Beierfeld \u2013 M\u00fchlberg 56 Telefon: 03774 177735<br \/>\n<strong><\/strong><\/p>\n<p><strong>\u201eZoo der Minis\u201c<\/strong> (17 km)<br \/>\n<a title=\"www.zooderminis.de\" href=\"http:\/\/www.zooderminis.de\" target=\"_blank\">www.zooderminis.de<\/a><br \/>\nGe\u00f6ffnet t\u00e4glich ab 9.00 Uhr<br \/>\nin 08280 Aue \u2013 Damaschkenstra\u00dfe 1 Telefon: 03771 23773<\/p>\n","protected":false},"excerpt":{"rendered":"<p>Wildgehege am Sonneberg Dammwild Die urspr\u00fcngliche Heimat des Damwildes sind die \u00f6stlichen Mittelmeerl\u00e4nder. Von dort wurde es bereits zur R\u00f6merzeit \u00fcber Mitteleuropa verbreitet und h\u00e4ufig in Gehegen gehalten. Die K\u00f6rperst\u00e4rke des Damwildes liegt zwischen den Gewichten des Rot-und Rehwildes. Das &hellip; <a href=\"http:\/\/www.kiburg.de\/?page_id=107\">Weiterlesen <span class=\"meta-nav\">&rarr;<\/span><\/a><\/p>\n","protected":false},"author":1,"featured_media":0,"parent":21,"menu_order":1,"comment_status":"closed","ping_status":"closed","template":"onecolumn-page.php","meta":{"jetpack_post_was_ever_published":false,"footnotes":""},"class_list":["post-107","page","type-page","status-publish","hentry"],"jetpack_sharing_enabled":true,"jetpack_shortlink":"https:\/\/wp.me\/P47XH2-1J","_links":{"self":[{"href":"http:\/\/www.kiburg.de\/index.php?rest_route=\/wp\/v2\/pages\/107"}],"collection":[{"href":"http:\/\/www.kiburg.de\/index.php?rest_route=\/wp\/v2\/pages"}],"about":[{"href":"http:\/\/www.kiburg.de\/index.php?rest_route=\/wp\/v2\/types\/page"}],"author":[{"embeddable":true,"href":"http:\/\/www.kiburg.de\/index.php?rest_route=\/wp\/v2\/users\/1"}],"replies":[{"embeddable":true,"href":"http:\/\/www.kiburg.de\/index.php?rest_route=%2Fwp%2Fv2%2Fcomments&post=107"}],"version-history":[{"count":6,"href":"http:\/\/www.kiburg.de\/index.php?rest_route=\/wp\/v2\/pages\/107\/revisions"}],"predecessor-version":[{"id":109,"href":"http:\/\/www.kiburg.de\/index.php?rest_route=\/wp\/v2\/pages\/107\/revisions\/109"}],"up":[{"embeddable":true,"href":"http:\/\/www.kiburg.de\/index.php?rest_route=\/wp\/v2\/pages\/21"}],"wp:attachment":[{"href":"http:\/\/www.kiburg.de\/index.php?rest_route=%2Fwp%2Fv2%2Fmedia&parent=107"}],"curies":[{"name":"wp","href":"https:\/\/api.w.org\/{rel}","templated":true}]}}